)?
9
Evaluate 24 + -32 + (0 - -13) + 1 + -27.
-21
Calculate (-1 - -1) + -7 + -8 + 14.
-1
What is the value of -3 - (-1 - -2) - (-9 - -76 - 88)?
17
Evaluate 19 + (8 + (3 - 11) + -11 - -12).
20
0 - -14 - -11 - 17
8
Evaluate (1 - 2) + (-35 - -48).
12
-20 - (-12 - -21 - 38)
9
What is (3 + 5 + 4 - 6) + 16 + -14?
8
What is the value of -13 - (22 + -61 + 2)?
24
Evaluate -7 - (-6 + 5 + 5 + -6 + 2).
-7
Evaluate (0 - (7 - 1)) + (52 - (58 - 21)).
9
Calculate -41 + 46 + 4 + -24.
-15
What is the value of (2 - ((-7 + 6 - 6) + 2)) + -13?
-6
What is the value of 2 - 6 - (-2 + (1 - 9))?
6
What is 0 + 19 - (385 + -357)?
-9
What is 24 + 2 + 0 + -1 + -5 + -5?
15
Evaluate 13 + (-23 + 17 - -6).
13
(-133 - -116) + (18 - -2 - 0)
3
What is (-5 - -5) + 0 - (4 - (-8 - -15))?
3
Calculate -26 + 19 + -9 + (-4 - -14).
-6
Calculate 3 + 5 + -12 - 1 - (-1 - 6).
2
Evaluate -23 - ((-7 + 7 - (0 + 8)) + 0).
-15
Evaluate -7 - (-5 + 11 + -16).
3
Calculate -2 + 1 + (15 - (-15 - -40)).
-11
-2 + (-7 + (1 - (-4 + 3)) - -2)
-5
What is 2 + 3 - (0 + -13)?
18
What is -12 + (-17 + 12 - -20)?
3
What is 19 + (10 - 36) - (-19 + 0)?
12
Evaluate (-1 - 5) + (-14 - -18).
-2
Calculate 6 - -2 - (0 - -10 - -8) - -4.
-6
What is 48 + -94 + (7 - -18)?
-21
Calculate 2 + 2 - -1 - (71 - 70).
4
Calculate -53 + 35 - (3 + -7 - 2).
-12
Evaluate 24 + -21 + 9 + -16.
-4
What is -4 - (41 + -25) - -25?
5
Evaluate 9 + (1 + -5 - -2).
7
2 + 4 + (3 - 6) + -8
-5
What is the value of -8 + 7 + (6 + 0 - (-69 - -64))?
10
What is 14 + -14 + (6 - 0) + (-8 - -7)?
5
What is -16 + -3 + 19 + -12?
-12
Calculate -31 - ((-31 - -38) + -37).
-1
(25 + -38 - (1 + -6)) + (4 - -39)
35
(-1823 - -1812) + (0 + (-2 - -1) - -5)
-7
What is the value of -14 - (13 - 11 - (5 - (4 - 5)))?
-10
What is 13 - (-4 - (-17 - -16))?
16
What is the value of -9 + -3 - ((32 - 10) + -42)?
8
Calculate (3 - 11 - -1) + (-2 - -6) - 5.
-8
(-5 - -1 - 4) + 0 - (28 + -22)
-14
Evaluate -43 + -2 + 5 + 5 - -6 - -9.
-20
What is 7 + -28 - (-37 + 21)?
-5
-11 - (-2 + 3) - (-47 + 15 - -36)
-16
Evaluate -3 - -1 - (50 + -57) - 6 - 18.
-19
Calculate -4 + -2 + 1 + 1 - -11.
7
What is the value of (-27 - 0) + (1 - -36)?
10
(-23 - -14) + 14 + 12
17
32 - 35 - (6 + -15 + 2)
4
Calculate 0 - 4 - -1 - (-13 + 3 - -1).
6
What is 57 + (-91 - -22) - (-1 - -4)?
-15
Calculate (-10 - -20) + -24 + 26.
12
What is the value of -7 + (-7 - (-5 - 8)) + 19?
18
What is the value of (7 + -3 - 17) + 20?
7
What is (-1 - 10) + -12 + -1 + -2 + 10?
-16
What is (10 + -10 - (-1 - -2 - 5)) + 2?
6
What is the value of (-4 - (9 + 7)) + 15?
-5
Evaluate -3 + 19 - (-2 - -5).
13
What is the value of (162 - 166) + 0 + -9 + 32?
19
Calculate 10 - 2 - 12 - (-6 - (4 - 6)).
0
What is the value of -16 + 6 - (-2 + 0) - -12?
4
Evaluate (5 - -5) + -16 + -5 + 5 + -14.
-20
Calculate 26 + -9 - (-49 + 54).
12
What is (6 + 2 - 4) + 7?
11
Calculate -7 + 38 + (0 - 10).
21
What is the value of -200 - -245 - (23 + -1)?
23
Evaluate 7 + (4 - 8 - -3) - 1.
5
Evaluate -1 + 1 - (-65 - -57).
8
What is 2 - (-7 - -11) - (-19 + 7 + 0)?
10
What is 6 - -1 - (2 - (34 - 35)) - 10?
-6
What is the value of 11 + (-26 - (8 - 19))?
-4
-9 - (6 + 3 - 25)
7
14 + (-9 - (3 + -6))
8
Evaluate 39 + (189 - 181) + (-1 - 13).
33
What is the value of (-1 - -11 - (-222 - -227)) + -12?
-7
What is (5 - (-2 + (8 - -8))) + 11?
2
Evaluate 10 - ((-6 - -2) + 22 - 8).
0
What is the value of 9 + 7 + 6 - (-1 + 11)?
12
What is (-12 - -3) + -5 - -10?
-4
Calculate 6 + (-10 + 17 - (-7 - 2)) - 0.
22
14 + -17 - (6 - -1 - 4)
-6
Evaluate 214 - 202 - (-3 - -10).
5
What is 1 + -3 + 0 + (-54 - -48)?
-8
What is -11 + 0 + 0 + -8 + 8?
-11
What is the value of -7 + -1 + -37 + 14 + 26?
-5
(-26 - (-53 - -13)) + -18
-4
Calculate (4 - 10 - -27) + -12.
9
Evaluate -1 - ((1 - 7 - -5) + 10).
-10
What is (-103 - -108) + (12 - -8)?
25
Evaluate -13 + 18 + 6 - 8.
3
Calculate (-301 - -299) + (-2 - (-1 - 0)) + -10.
-13
What is the value of -6 + -1 - (8 - 17 - (-66 - -46))?
-18
Evaluate -26 - (-22 - -15) - (-1 - -11).
-29
What is 1 + 4 + (5 - (-2 - -19))?
-7
What is the value of -2 + -22 + 1 + 18?
-5
What is the value of (2 + 2 - -2) + (91 - 91)?
6
Evaluate 20 + 6 + -17 + 1 + 0.
10
Calculate (25 - -12) + -46 + 30.
21
What is the value of 6 + (3 - 31 - (4 + -16 + 10))?
-20
What is the value of 27 - (11 - (-6 - 8))?
2
Evaluate 6 + -7 + -1 + (-81 - -77).
-6
-17 + 15 + 20 + -13
5
Calculate (10 - 8) + (7 + -15 - 4).
-10
What is 12 + 25 + -28 + -1?
8
Calculate 9 - ((13 - 7) + -28) - 15.
16
Evaluate 33 - -4 - 13 - -1.
25
-6 + -2 + 2 - (16 - -30 - 55)
3
Calculate (-5 - (-6 - -19)) + 11.
-7
-6 - (10 + -21) - (-6 + (2 - -16))
-7
What is the value of -18 + 1 + (48 - 89) + 32?
-26
What is the value of 1 + -8 + -17 + (9 - -17)?
2
What is 1 + -8 + 9 + 6 - 9?
-1
Evaluate 15 - 12 - (-7 - -36).
-26
What is -9 + -14 + 22 - -11?
10
Evaluate -30 + (-8 - (-22 + -2)) - -11.
-3
Calculate (14 - 9) + 1 + -6 + -4.
-4
Evaluate (5 - -13) + (-8 - (-13 + 6)) + 3.
20
What is the value of 13 - -4 - (-3 + (16 - -1))?
3
Evaluate (-22 - 4 - (51 - 65)) + -1 + 8.
-5
-5 + 0 - (-11 + 39 - 27)
-6
6 - 30 - -8 - -14
-2
Evaluate (-27 - -64 - 98) + 26.
-35
Calculate 15 - (17 + (-39 - -5) + 17).
15
Evaluate 7 - (27 + (-2 - (-8 + (1 - -8)))).
-17
-10 - -14 - (35 - (-2 + 10))
-23
What is 32 - (59 - (-18 - -15))?
-30
Calculate -12 - ((4 - (-1 + -9)) + -2).
-24
What is (-6 - 0 - (2 + -8)) + 11 + -4?
7
What is the value of (21 - -1) + (902 - 902)?
22
What is the value of 11 - (5 + -9 - -6)?
9
What is 25 + -2 + -26 - (0 - -19) - -2?
-20
What is the value of (19 - 4) + 0 + -6 - (3 + 22)?
-16
2 + 9 + -9 - -7
9
What is the value of -49 + 39 + -9 + 18?
-1
30 + 30 + -19 + (-16 - -1)
26
What is (4 - -1 - (108 + -103)) + 11?
11
-31 - (-18 + -31 + 12)
6
What is 94 - 100 - (9 - (1 + 0)) - 0?
-14
What is (-1 + 4 - 11) + (-27 - -23)?
-12
-2 - -5 - (-12 + (-8 - -15))
8
What is (-36 - 6) + 13 + 8 + 6?
-15
3 - (4 - 0) - (-21 + -3 + 12)
11
0 - (-8 - -11 - -4) - -11
4
What is the value of 3 + 2 + -4 - (-3 + 6 + -5)?
3
Calculate (30 + -28 - 21) + 11.
-8
Calculate -23 + 19 + -10 - -24 - (0 + -1).
11
What is the value of (-56 + 49 - (-2 + -8 + 2)) + -6?
-5
What is 3 - (2 + 13) - ((0 - -1) + 2)?
-15
What is (18 - 13) + (-15 - (-9 - -4))?
-5
-1 - 6 - -8 - (3 - (-4 + 4))
-2
What is (18 - (-4 - -34)) + 25 + -33?
-20
Calculate -5 + (12 - 23) + 9.
-7
What is -7 - (-1 + -4 - -12)?
-14
(475 - 487) + (0 - (-31 + 1))
18
Evaluate 6 + (11 - (67 - 2)) - -18.
-30
Calculate -3 + -1 - (21 + (-32 - 29)).
36
What is the value of 8 + (-68 + 69 - (2 + -4 + 0))?
11
4 + -9 + (13 - (-2 - -7))
3
What is the value of -4 - (-15 - -8 - 1)?
4
-3 + 9 - (4 + -4 + -4)
10
-36 + 85 + (-52 - -10)
7
What is -83 + 64 + 1 + 27 + -7 + 0?
2
Evaluate (-5 - 1 - (101 - 106)) + 1 + -15.
-15
Evaluate (-263 - -224) + 13 + 1.
-25
Evaluate 499 + -495 - (22 + -1).
-17
-5 + 4 + -6 + (-1 - (1 - -21))
-30
Evaluate 1 + -29 + -1 - (117 + (49 - 176)).
-19
Calculate (6 + 53 - 64) + 12 + -2.
5
(-8 - (-12 - 25)) + -19
10
Calculate 0 + (8 - -2) - (-96 - -96).
10
Evaluate -39 + (24 + (-19 - -10) - 0) + -3.
-27
What is (9 - 10 - -17) + 3?
19
Evaluate -57 - -35 - 18 - -37.
-3
(-13 - 0) + 2 + -14 + -5
-30
What is (-9 - -20) + (-6 + 7 - -7)?
19
What is 20 - (1 - ((3 - (10 - 0)) + 1))?
13
Calculate (3 - (2 + 1)) + 27 + -45.
-18
Calculate -6 - -26 - 14 - (-1 - 11).
18
Evaluate -1 + (-37 + 17 - -22).
1
Calculate 4 - (-1 + (-6 + 10 - -8)).
-7
What is the value of -3 - (31 + -14 - (-1 - -10))?
-11
Evaluate (0 + -4 - -11 - (94 + -75)) + -5.
-17
What is the value of (30 - 38) + 1 + (-5 - -5)?
-7
Calculate 4 + -10 + 2 - (4 + -21 - -3).
10
What is the value of (-6 + 7 + 2 - 10) + -12?
-19
Calculate (-11 - (-13 + 13)) + 5.
-6
-10 + 29 + 0 - 33
-14
What is the value of 3 - (36 + -21 - 21)?
9
10 + (-2 - 0 - (-31 + 54))
-15
Calculate (0 - -2) + 5 + (-53 - -56).
10
Calculate (7 + (-5 - -4) - -1) + -10.
-3
4 + (-4 - 23) + -4 - (119 + -108)
-38
Calculate -7 - (-8 + 28 - 17).
-10
Evaluate -36 + 8 + 10 + 22.
4
What is the value of -9 + (-6 + -1 - -7) - 4?
-13
Evaluate -17 + 3 + 29 - 28.
-13
5 + (0 - (2 - 3)) + -21 - -4
-11
What is the value of 6 + (2 - -1) + 1 + -143 + 141?
8
What is the value of -11 + 19 + 5 - 13?
0
What is (10 - 10) + (0 + 3 - 2)?
1
-9 - (6 + (-11 - 27) + 6)
17
Evaluate -18 - (17 + -38 - -9).
-6
-4 + 2 + (-5 - (9 + -1)) - 6
-21
Wha